{"id":110,"date":"2020-10-02T19:04:09","date_gmt":"2020-10-02T17:04:09","guid":{"rendered":"http:\/\/arrachart.fr\/?page_id=110"},"modified":"2025-10-08T17:16:24","modified_gmt":"2025-10-08T15:16:24","slug":"accueil","status":"publish","type":"page","link":"https:\/\/arrachart.fr\/","title":{"rendered":"Accueil"},"content":{"rendered":"\n<figure class=\"wp-block-image size-large\"><img loading=\"lazy\" decoding=\"async\" width=\"517\" height=\"321\" src=\"http:\/\/arrachart.fr\/wp-content\/uploads\/2022\/01\/philippe-arrachart.jpg\" alt=\"\" class=\"wp-image-268\" srcset=\"https:\/\/arrachart.fr\/wp-content\/uploads\/2022\/01\/philippe-arrachart.jpg 517w, https:\/\/arrachart.fr\/wp-content\/uploads\/2022\/01\/philippe-arrachart-300x186.jpg 300w\" sizes=\"auto, (max-width: 517px) 100vw, 517px\" \/><\/figure>\n\n\n\n<figure class=\"wp-block-image size-large\"><img loading=\"lazy\" decoding=\"async\" width=\"602\" height=\"653\" src=\"http:\/\/arrachart.fr\/wp-content\/uploads\/2020\/10\/Capture-de\u0301cran-2020-10-02-a\u0300-17.50.19-1.png\" alt=\"\" class=\"wp-image-111\" srcset=\"https:\/\/arrachart.fr\/wp-content\/uploads\/2020\/10\/Capture-de\u0301cran-2020-10-02-a\u0300-17.50.19-1.png 602w, https:\/\/arrachart.fr\/wp-content\/uploads\/2020\/10\/Capture-de\u0301cran-2020-10-02-a\u0300-17.50.19-1-277x300.png 277w\" sizes=\"auto, (max-width: 602px) 100vw, 602px\" \/><\/figure>\n\n\n\n<p>Philippe Arrachart voit le jour en 1962 en Sa\u00f4ne et Loire.&nbsp;; Apr\u00e8s des \u00e9tudes en communication, il cr\u00e9e sa propre entreprise de production de films publicitaires. D\u00e9sirant passer de l\u2019autre c\u00f4t\u00e9 de la cam\u00e9ra, il suit les cours Florent \u00e0 Paris, mais sa voie n\u2019\u00e9tait pas l\u00e0. \u00b7&nbsp;<br>Install\u00e9 en Auvergne, la rencontre du m\u00e9tal le transforme en r\u00e9cup\u00e9rateur de ferraille. Dans ce chaos d\u2019objets h\u00e9t\u00e9roclites, cet amoureux de l\u2019acier donne naissance \u00e0 des sculpture d\u2019assemblage aux formes et couleurs vari\u00e9es qui se vendent rapidement, il d\u00e9cide alors de s\u2019y consacrer enti\u00e8rement. Aspir\u00e9 par le tourbillon de la cr\u00e9ativit\u00e9 et toujours \u00e0 l\u2019affut de nouvelles technologie, photos num\u00e9rique, film thermo-r\u00e9tractable\u2026etc<\/p>\n\n\n\n<p>Retardateur d\u2019\u00e9ph\u00e9m\u00e8re, ses collectes lui offre une large palette de volume qu\u2019il associe, soude, compresse dans son atelier rue des Rancy \u00e0 Lyon. Dans un premier geste, c\u2019est avec un jeu spontan\u00e9, subtil, que le sculpteur mod\u00e8le par la soudure \u00e0 l\u2019arc, un choix de tubes et de pi\u00e8ces r\u00e9cup\u00e9r\u00e9es, de ferrailles abandonn\u00e9es et de nombreux d\u00e9chets arrach\u00e9s au rebut m\u00e9tallurgique.<\/p>\n\n\n\n<p>Arrachart nous livre un bestiaire imaginaire diversifi\u00e9, constitu\u00e9 d\u2019\u00e9trange Animaux fig\u00e9s dans un mouvement stable, \u00e9quilibr\u00e9, pr\u00e9cis, anatomique.<\/p>\n\n\n\n<figure class=\"wp-block-gallery has-nested-images columns-default is-cropped wp-block-gallery-1 is-layout-flex wp-block-gallery-is-layout-flex\">\n<figure class=\"wp-block-image size-large\"><img loading=\"lazy\" decoding=\"async\" width=\"500\" height=\"687\" data-id=\"300\" src=\"https:\/\/arrachart.fr\/wp-content\/uploads\/2023\/03\/manequin-360.png\" alt=\"\" class=\"wp-image-300\" srcset=\"https:\/\/arrachart.fr\/wp-content\/uploads\/2023\/03\/manequin-360.png 500w, https:\/\/arrachart.fr\/wp-content\/uploads\/2023\/03\/manequin-360-218x300.png 218w\" sizes=\"auto, (max-width: 500px) 100vw, 500px\" \/><figcaption class=\"wp-element-caption\">R\u00e9alisation Sculpture QuennTag et Kinglithium<\/figcaption><\/figure>\n<\/figure>\n\n\n\n<p>Vendu<\/p>\n\n\n\n<figure class=\"wp-block-embed is-type-video is-provider-youtube wp-block-embed-youtube wp-embed-aspect-4-3 wp-has-aspect-ratio\"><div class=\"wp-block-embed__wrapper\">\n<iframe loading=\"lazy\" title=\"Mapping 3D objet -  Sculptures QuennTag et Kinglithium de Philippe Arrachart\" width=\"525\" height=\"295\" src=\"https:\/\/www.youtube.com\/embed\/nl1rfhSt888?feature=oembed\" frameborder=\"0\" allow=\"accelerometer; autoplay; clipboard-write; encrypted-media; gyroscope; picture-in-picture; web-share\" referrerpolicy=\"strict-origin-when-cross-origin\" allowfullscreen><\/iframe>\n<\/div><\/figure>\n","protected":false},"excerpt":{"rendered":"<p>Philippe Arrachart voit le jour en 1962 en Sa\u00f4ne et Loire.&nbsp;; Apr\u00e8s des \u00e9tudes en communication, il cr\u00e9e sa propre entreprise de production de films publicitaires. D\u00e9sirant passer de l\u2019autre c\u00f4t\u00e9 de la cam\u00e9ra, il suit les cours Florent \u00e0 Paris, mais sa voie n\u2019\u00e9tait pas l\u00e0. \u00b7&nbsp;Install\u00e9 en Auvergne, la rencontre du m\u00e9tal le &hellip; <\/p>\n<p class=\"link-more\"><a href=\"https:\/\/arrachart.fr\/\" class=\"more-link\">Continuer la lecture<span class=\"screen-reader-text\"> de &laquo;&nbsp;Accueil&nbsp;&raquo;<\/span><\/a><\/p>\n","protected":false},"author":1,"featured_media":0,"parent":0,"menu_order":0,"comment_status":"closed","ping_status":"closed","template":"","meta":{"footnotes":""},"class_list":["post-110","page","type-page","status-publish","hentry"],"yoast_head":"<!-- This site is optimized with the Yoast SEO plugin v25.7 - https:\/\/yoast.com\/wordpress\/plugins\/seo\/ -->\n<title>Accueil - Arrachart-artiste<\/title>\n<meta name=\"description\" content=\"Philippe Arrachart voit le jour en 1962 en Sa\u00f4ne et Loire.&nbsp;; Apr\u00e8s des \u00e9tudes en communication, il cr\u00e9e sa propre entreprise de production de films publicitaires. D\u00e9sirant passer de l\u2019autre c\u00f4t\u00e9 de la cam\u00e9ra, il suit les cours Florent \u00e0 Paris, mais sa voie n\u2019\u00e9tait pas l\u00e0. \u00b7&nbsp;Install\u00e9 en Auvergne, la rencontre du m\u00e9tal le &hellip; Continuer la lecture de &laquo;&nbsp;Accueil&nbsp;&raquo;\" \/>\n<meta name=\"robots\" content=\"index, follow, max-snippet:-1, max-image-preview:large, max-video-preview:-1\" \/>\n<link rel=\"canonical\" href=\"https:\/\/arrachart.fr\/\" \/>\n<meta property=\"og:locale\" content=\"fr_FR\" \/>\n<meta property=\"og:type\" content=\"article\" \/>\n<meta property=\"og:title\" content=\"Accueil - Arrachart-artiste\" \/>\n<meta property=\"og:description\" content=\"Philippe Arrachart voit le jour en 1962 en Sa\u00f4ne et Loire.&nbsp;; Apr\u00e8s des \u00e9tudes en communication, il cr\u00e9e sa propre entreprise de production de films publicitaires. D\u00e9sirant passer de l\u2019autre c\u00f4t\u00e9 de la cam\u00e9ra, il suit les cours Florent \u00e0 Paris, mais sa voie n\u2019\u00e9tait pas l\u00e0. \u00b7&nbsp;Install\u00e9 en Auvergne, la rencontre du m\u00e9tal le &hellip; Continuer la lecture de &laquo;&nbsp;Accueil&nbsp;&raquo;\" \/>\n<meta property=\"og:url\" content=\"https:\/\/arrachart.fr\/\" \/>\n<meta property=\"og:site_name\" content=\"Arrachart-artiste\" \/>\n<meta property=\"article:modified_time\" content=\"2025-10-08T15:16:24+00:00\" \/>\n<meta property=\"og:image\" content=\"https:\/\/arrachart.fr\/wp-content\/uploads\/2022\/01\/philippe-arrachart.jpg\" \/>\n\t<meta property=\"og:image:width\" content=\"517\" \/>\n\t<meta property=\"og:image:height\" content=\"321\" \/>\n\t<meta property=\"og:image:type\" content=\"image\/jpeg\" \/>\n<meta name=\"twitter:card\" content=\"summary_large_image\" \/>\n<meta name=\"twitter:label1\" content=\"Dur\u00e9e de lecture estim\u00e9e\" \/>\n\t<meta name=\"twitter:data1\" content=\"1 minute\" \/>\n<script type=\"application\/ld+json\" class=\"yoast-schema-graph\">{\"@context\":\"https:\/\/schema.org\",\"@graph\":[{\"@type\":\"WebPage\",\"@id\":\"https:\/\/arrachart.fr\/\",\"url\":\"https:\/\/arrachart.fr\/\",\"name\":\"Accueil - Arrachart-artiste\",\"isPartOf\":{\"@id\":\"https:\/\/arrachart.fr\/#website\"},\"primaryImageOfPage\":{\"@id\":\"https:\/\/arrachart.fr\/#primaryimage\"},\"image\":{\"@id\":\"https:\/\/arrachart.fr\/#primaryimage\"},\"thumbnailUrl\":\"http:\/\/arrachart.fr\/wp-content\/uploads\/2022\/01\/philippe-arrachart.jpg\",\"datePublished\":\"2020-10-02T17:04:09+00:00\",\"dateModified\":\"2025-10-08T15:16:24+00:00\",\"breadcrumb\":{\"@id\":\"https:\/\/arrachart.fr\/#breadcrumb\"},\"inLanguage\":\"fr-FR\",\"potentialAction\":[{\"@type\":\"ReadAction\",\"target\":[\"https:\/\/arrachart.fr\/\"]}]},{\"@type\":\"ImageObject\",\"inLanguage\":\"fr-FR\",\"@id\":\"https:\/\/arrachart.fr\/#primaryimage\",\"url\":\"https:\/\/arrachart.fr\/wp-content\/uploads\/2022\/01\/philippe-arrachart.jpg\",\"contentUrl\":\"https:\/\/arrachart.fr\/wp-content\/uploads\/2022\/01\/philippe-arrachart.jpg\",\"width\":517,\"height\":321},{\"@type\":\"BreadcrumbList\",\"@id\":\"https:\/\/arrachart.fr\/#breadcrumb\",\"itemListElement\":[{\"@type\":\"ListItem\",\"position\":1,\"name\":\"Home\",\"item\":\"https:\/\/arrachart.fr\/\"},{\"@type\":\"ListItem\",\"position\":2,\"name\":\"Accueil\"}]},{\"@type\":\"WebSite\",\"@id\":\"https:\/\/arrachart.fr\/#website\",\"url\":\"https:\/\/arrachart.fr\/\",\"name\":\"Arrachart-artiste\",\"description\":\"Artiste - sculpteur\",\"potentialAction\":[{\"@type\":\"SearchAction\",\"target\":{\"@type\":\"EntryPoint\",\"urlTemplate\":\"https:\/\/arrachart.fr\/?s={search_term_string}\"},\"query-input\":{\"@type\":\"PropertyValueSpecification\",\"valueRequired\":true,\"valueName\":\"search_term_string\"}}],\"inLanguage\":\"fr-FR\"}]}<\/script>\n<!-- \/ Yoast SEO plugin. -->","yoast_head_json":{"title":"Accueil - Arrachart-artiste","description":"Philippe Arrachart voit le jour en 1962 en Sa\u00f4ne et Loire.&nbsp;; Apr\u00e8s des \u00e9tudes en communication, il cr\u00e9e sa propre entreprise de production de films publicitaires. D\u00e9sirant passer de l\u2019autre c\u00f4t\u00e9 de la cam\u00e9ra, il suit les cours Florent \u00e0 Paris, mais sa voie n\u2019\u00e9tait pas l\u00e0. \u00b7&nbsp;Install\u00e9 en Auvergne, la rencontre du m\u00e9tal le &hellip; Continuer la lecture de &laquo;&nbsp;Accueil&nbsp;&raquo;","robots":{"index":"index","follow":"follow","max-snippet":"max-snippet:-1","max-image-preview":"max-image-preview:large","max-video-preview":"max-video-preview:-1"},"canonical":"https:\/\/arrachart.fr\/","og_locale":"fr_FR","og_type":"article","og_title":"Accueil - Arrachart-artiste","og_description":"Philippe Arrachart voit le jour en 1962 en Sa\u00f4ne et Loire.&nbsp;; Apr\u00e8s des \u00e9tudes en communication, il cr\u00e9e sa propre entreprise de production de films publicitaires. D\u00e9sirant passer de l\u2019autre c\u00f4t\u00e9 de la cam\u00e9ra, il suit les cours Florent \u00e0 Paris, mais sa voie n\u2019\u00e9tait pas l\u00e0. \u00b7&nbsp;Install\u00e9 en Auvergne, la rencontre du m\u00e9tal le &hellip; Continuer la lecture de &laquo;&nbsp;Accueil&nbsp;&raquo;","og_url":"https:\/\/arrachart.fr\/","og_site_name":"Arrachart-artiste","article_modified_time":"2025-10-08T15:16:24+00:00","og_image":[{"width":517,"height":321,"url":"https:\/\/arrachart.fr\/wp-content\/uploads\/2022\/01\/philippe-arrachart.jpg","type":"image\/jpeg"}],"twitter_card":"summary_large_image","twitter_misc":{"Dur\u00e9e de lecture estim\u00e9e":"1 minute"},"schema":{"@context":"https:\/\/schema.org","@graph":[{"@type":"WebPage","@id":"https:\/\/arrachart.fr\/","url":"https:\/\/arrachart.fr\/","name":"Accueil - Arrachart-artiste","isPartOf":{"@id":"https:\/\/arrachart.fr\/#website"},"primaryImageOfPage":{"@id":"https:\/\/arrachart.fr\/#primaryimage"},"image":{"@id":"https:\/\/arrachart.fr\/#primaryimage"},"thumbnailUrl":"http:\/\/arrachart.fr\/wp-content\/uploads\/2022\/01\/philippe-arrachart.jpg","datePublished":"2020-10-02T17:04:09+00:00","dateModified":"2025-10-08T15:16:24+00:00","breadcrumb":{"@id":"https:\/\/arrachart.fr\/#breadcrumb"},"inLanguage":"fr-FR","potentialAction":[{"@type":"ReadAction","target":["https:\/\/arrachart.fr\/"]}]},{"@type":"ImageObject","inLanguage":"fr-FR","@id":"https:\/\/arrachart.fr\/#primaryimage","url":"https:\/\/arrachart.fr\/wp-content\/uploads\/2022\/01\/philippe-arrachart.jpg","contentUrl":"https:\/\/arrachart.fr\/wp-content\/uploads\/2022\/01\/philippe-arrachart.jpg","width":517,"height":321},{"@type":"BreadcrumbList","@id":"https:\/\/arrachart.fr\/#breadcrumb","itemListElement":[{"@type":"ListItem","position":1,"name":"Home","item":"https:\/\/arrachart.fr\/"},{"@type":"ListItem","position":2,"name":"Accueil"}]},{"@type":"WebSite","@id":"https:\/\/arrachart.fr\/#website","url":"https:\/\/arrachart.fr\/","name":"Arrachart-artiste","description":"Artiste - sculpteur","potentialAction":[{"@type":"SearchAction","target":{"@type":"EntryPoint","urlTemplate":"https:\/\/arrachart.fr\/?s={search_term_string}"},"query-input":{"@type":"PropertyValueSpecification","valueRequired":true,"valueName":"search_term_string"}}],"inLanguage":"fr-FR"}]}},"_links":{"self":[{"href":"https:\/\/arrachart.fr\/index.php?rest_route=\/wp\/v2\/pages\/110","targetHints":{"allow":["GET"]}}],"collection":[{"href":"https:\/\/arrachart.fr\/index.php?rest_route=\/wp\/v2\/pages"}],"about":[{"href":"https:\/\/arrachart.fr\/index.php?rest_route=\/wp\/v2\/types\/page"}],"author":[{"embeddable":true,"href":"https:\/\/arrachart.fr\/index.php?rest_route=\/wp\/v2\/users\/1"}],"replies":[{"embeddable":true,"href":"https:\/\/arrachart.fr\/index.php?rest_route=%2Fwp%2Fv2%2Fcomments&post=110"}],"version-history":[{"count":10,"href":"https:\/\/arrachart.fr\/index.php?rest_route=\/wp\/v2\/pages\/110\/revisions"}],"predecessor-version":[{"id":317,"href":"https:\/\/arrachart.fr\/index.php?rest_route=\/wp\/v2\/pages\/110\/revisions\/317"}],"wp:attachment":[{"href":"https:\/\/arrachart.fr\/index.php?rest_route=%2Fwp%2Fv2%2Fmedia&parent=110"}],"curies":[{"name":"wp","href":"https:\/\/api.w.org\/{rel}","templated":true}]}}

<figure class="wp-block-image size-large"><img loading="lazy" decoding="async" width="517" height="321" src="http://arrachart.fr/wp-content/uploads/2022/01/philippe-arrachart.jpg" alt="" class="wp-image-268" srcset="https://arrachart.fr/wp-content/uploads/2022/01/philippe-arrachart.jpg 517w, https://arrachart.fr/wp-content/uploads/2022/01/philippe-arrachart-300x186.jpg 300w" sizes="auto, (max-width: 517px) 100vw, 517px" /></figure>



<figure class="wp-block-image size-large"><img loading="lazy" decoding="async" width="602" height="653" src="http://arrachart.fr/wp-content/uploads/2020/10/Capture-décran-2020-10-02-à-17.50.19-1.png" alt="" class="wp-image-111" srcset="https://arrachart.fr/wp-content/uploads/2020/10/Capture-décran-2020-10-02-à-17.50.19-1.png 602w, https://arrachart.fr/wp-content/uploads/2020/10/Capture-décran-2020-10-02-à-17.50.19-1-277x300.png 277w" sizes="auto, (max-width: 602px) 100vw, 602px" /></figure>



<p>Philippe Arrachart voit le jour en 1962 en Saône et Loire.&nbsp;; Après des études en communication, il crée sa propre entreprise de production de films publicitaires. Désirant passer de l’autre côté de la caméra, il suit les cours Florent à Paris, mais sa voie n’était pas là. ·&nbsp;<br>Installé en Auvergne, la rencontre du métal le transforme en récupérateur de ferraille. Dans ce chaos d’objets hétéroclites, cet amoureux de l’acier donne naissance à des sculpture d’assemblage aux formes et couleurs variées qui se vendent rapidement, il décide alors de s’y consacrer entièrement. Aspiré par le tourbillon de la créativité et toujours à l’affut de nouvelles technologie, photos numérique, film thermo-rétractable…etc</p>



<p>Retardateur d’éphémère, ses collectes lui offre une large palette de volume qu’il associe, soude, compresse dans son atelier rue des Rancy à Lyon. Dans un premier geste, c’est avec un jeu spontané, subtil, que le sculpteur modèle par la soudure à l’arc, un choix de tubes et de pièces récupérées, de ferrailles abandonnées et de nombreux déchets arrachés au rebut métallurgique.</p>



<p>Arrachart nous livre un bestiaire imaginaire diversifié, constitué d’étrange Animaux figés dans un mouvement stable, équilibré, précis, anatomique.</p>



<figure class="wp-block-gallery has-nested-images columns-default is-cropped wp-block-gallery-1 is-layout-flex wp-block-gallery-is-layout-flex">
<figure class="wp-block-image size-large"><img loading="lazy" decoding="async" width="500" height="687" data-id="300" src="https://arrachart.fr/wp-content/uploads/2023/03/manequin-360.png" alt="" class="wp-image-300" srcset="https://arrachart.fr/wp-content/uploads/2023/03/manequin-360.png 500w, https://arrachart.fr/wp-content/uploads/2023/03/manequin-360-218x300.png 218w" sizes="auto, (max-width: 500px) 100vw, 500px" /><figcaption class="wp-element-caption">Réalisation Sculpture QuennTag et Kinglithium</figcaption></figure>
</figure>



<p>Vendu</p>



<figure class="wp-block-embed is-type-video is-provider-youtube wp-block-embed-youtube wp-embed-aspect-4-3 wp-has-aspect-ratio"><div class="wp-block-embed__wrapper">
<iframe loading="lazy" title="Mapping 3D objet -  Sculptures QuennTag et Kinglithium de Philippe Arrachart" width="525" height="295" src="https://www.youtube.com/embed/nl1rfhSt888?feature=oembed" frameborder="0" allow="accelerometer; autoplay; clipboard-write; encrypted-media; gyroscope; picture-in-picture; web-share" referrerpolicy="strict-origin-when-cross-origin" allowfullscreen></iframe>
</div></figure>

<p>Philippe Arrachart voit le jour en 1962 en Saône et Loire.&nbsp;; Après des études en communication, il crée sa propre entreprise de production de films publicitaires. Désirant passer de l’autre côté de la caméra, il suit les cours Florent à Paris, mais sa voie n’était pas là. ·&nbsp;Installé en Auvergne, la rencontre du métal le &hellip; </p>
<p class="link-more"><a href="https://arrachart.fr/" class="more-link">Continuer la lecture<span class="screen-reader-text"> de &laquo;&nbsp;Accueil&nbsp;&raquo;</span></a></p>

<!-- This site is optimized with the Yoast SEO plugin v25.7 - https://yoast.com/wordpress/plugins/seo/ -->
<title>Accueil - Arrachart-artiste</title>
<meta name="description" content="Philippe Arrachart voit le jour en 1962 en Saône et Loire.&nbsp;; Après des études en communication, il crée sa propre entreprise de production de films publicitaires. Désirant passer de l’autre côté de la caméra, il suit les cours Florent à Paris, mais sa voie n’était pas là. ·&nbsp;Installé en Auvergne, la rencontre du métal le &hellip; Continuer la lecture de &laquo;&nbsp;Accueil&nbsp;&raquo;" />
<meta name="robots" content="index, follow, max-snippet:-1, max-image-preview:large, max-video-preview:-1" />
<link rel="canonical" href="https://arrachart.fr/" />
<meta property="og:locale" content="fr_FR" />
<meta property="og:type" content="article" />
<meta property="og:title" content="Accueil - Arrachart-artiste" />
<meta property="og:description" content="Philippe Arrachart voit le jour en 1962 en Saône et Loire.&nbsp;; Après des études en communication, il crée sa propre entreprise de production de films publicitaires. Désirant passer de l’autre côté de la caméra, il suit les cours Florent à Paris, mais sa voie n’était pas là. ·&nbsp;Installé en Auvergne, la rencontre du métal le &hellip; Continuer la lecture de &laquo;&nbsp;Accueil&nbsp;&raquo;" />
<meta property="og:url" content="https://arrachart.fr/" />
<meta property="og:site_name" content="Arrachart-artiste" />
<meta property="article:modified_time" content="2025-10-08T15:16:24+00:00" />
<meta property="og:image" content="https://arrachart.fr/wp-content/uploads/2022/01/philippe-arrachart.jpg" />
	<meta property="og:image:width" content="517" />
	<meta property="og:image:height" content="321" />
	<meta property="og:image:type" content="image/jpeg" />
<meta name="twitter:card" content="summary_large_image" />
<meta name="twitter:label1" content="Durée de lecture estimée" />
	<meta name="twitter:data1" content="1 minute" />
<script type="application/ld+json" class="yoast-schema-graph">{"@context":"https://schema.org","@graph":[{"@type":"WebPage","@id":"https://arrachart.fr/","url":"https://arrachart.fr/","name":"Accueil - Arrachart-artiste","isPartOf":{"@id":"https://arrachart.fr/#website"},"primaryImageOfPage":{"@id":"https://arrachart.fr/#primaryimage"},"image":{"@id":"https://arrachart.fr/#primaryimage"},"thumbnailUrl":"http://arrachart.fr/wp-content/uploads/2022/01/philippe-arrachart.jpg","datePublished":"2020-10-02T17:04:09+00:00","dateModified":"2025-10-08T15:16:24+00:00","breadcrumb":{"@id":"https://arrachart.fr/#breadcrumb"},"inLanguage":"fr-FR","potentialAction":[{"@type":"ReadAction","target":["https://arrachart.fr/"]}]},{"@type":"ImageObject","inLanguage":"fr-FR","@id":"https://arrachart.fr/#primaryimage","url":"https://arrachart.fr/wp-content/uploads/2022/01/philippe-arrachart.jpg","contentUrl":"https://arrachart.fr/wp-content/uploads/2022/01/philippe-arrachart.jpg","width":517,"height":321},{"@type":"BreadcrumbList","@id":"https://arrachart.fr/#breadcrumb","itemListElement":[{"@type":"ListItem","position":1,"name":"Home","item":"https://arrachart.fr/"},{"@type":"ListItem","position":2,"name":"Accueil"}]},{"@type":"WebSite","@id":"https://arrachart.fr/#website","url":"https://arrachart.fr/","name":"Arrachart-artiste","description":"Artiste - sculpteur","potentialAction":[{"@type":"SearchAction","target":{"@type":"EntryPoint","urlTemplate":"https://arrachart.fr/?s={search_term_string}"},"query-input":{"@type":"PropertyValueSpecification","valueRequired":true,"valueName":"search_term_string"}}],"inLanguage":"fr-FR"}]}</script>
<!-- / Yoast SEO plugin. -->

Philippe Arrachart voit le jour en 1962 en Saône et Loire.&nbsp;; Après des études en communication, il crée sa propre entreprise de production de films publicitaires. Désirant passer de l’autre côté de la caméra, il suit les cours Florent à Paris, mais sa voie n’était pas là. ·&nbsp;Installé en Auvergne, la rencontre du métal le &hellip; Continuer la lecture de &laquo;&nbsp;Accueil&nbsp;&raquo;
